*b + u + 20. Calculate j(b).
-18
Let i(c) = 12*c**3 - c - 2. Let b be 30/(-105) - (-40)/(-56). Calculate i(b).
-13
Let m(b) = 12*b + 5. Suppose -h + 7 = -4*f, 4 = -f - 45*h + 46*h. What is m(f)?
-7
Let z be (7/4)/((-1)/(-4)). Let o = 14 - z. Let n(i) be the first derivative of i**3/3 - 3*i**2 - 8*i - 3. Calculate n(o).
-1
Let u(g) = -2*g**3 + 7*g**2 - g + 7. Let o(a) be the first derivative of a**4/2 - 2*a**3 + a**2/2 - 6*a + 100. Let l(z) = -7*o(z) - 6*u(z). Calculate l(1).
-3
Suppose -7*q = -2*q. Suppose -3*h + 4*n + 9 = 0, 2*h - 2*n = -q + 6. Let y(s) = s**2 - s - 3. What is y(h)?
3
Let c(p) = 4*p**2 + 40*p - 5*p**2 + 1 + 7 - 2 - 15*p. Calculate c(25).
6
Let q(h) be the second derivative of h**3/6 + 11*h**2/2 - 3621*h - 1. Let l be 4/(-12)*-8*3. What is q(l)?
19
Let w(p) = 43*p - 8. Let i(k) = -124*k + 22. Let r be (9/12)/((-72)/384). Let b(q) = r*i(q) - 11*w(q). Give b(-1).
-23
Let s = -681 + 684. Let f(j) = -1668*j**3 - 15 + 1669*j**s + j + 0. Determine f(0).
-15
Suppose -4*t + t + 10 = i, 5*i + 25 = 0. Suppose t*q - 20 = 5*o, 4 = 4*o - 3*q + 17. Let r(x) = -7*x + 2. What is r(o)?
9
Let n(t) be the third derivative of 13*t**4/24 - 35248*t**2. Suppose 2*u = -3*u + 5. Determine n(u).
13
Let x(t) = -10*t**2 + 5*t - 2. Let c(u) = 29*u**2 - 14*u + 5. Let n(d) = -3*c(d) - 8*x(d). Let i = -1801 + 1800. Give n(i).
-8
Let p(a) = -a + 17. Let f = 309 + 56. Let w = f + -354. Give p(w).
6
Let m(h) = 4*h**2 - 17*h - 8. Let w(g) = -g**2 - 12. Let b(r) = -m(r) - w(r). Determine b(7).
-8
Let m be 5 - 338/65 - (-29)/(-5). Let z(t) = t**3 + 8*t**2 + 8*t - 23. Give z(m).
1
Let s(i) = i + 1. Suppose 3*n - 3 = 3*h + 33, 0 = 4*n + h - 23. Let y(q) = -q**3 + 7*q**2 - q + 7. Let m be y(n). Determine s(m).
1
Let b(p) = p**2 + p. Let r(o) = 32*o**3 + 6*o**2 + 6*o + 1. Let i(s) = -4*b(s) + r(s). Let z(k) = -k**3 + 23*k**2 - 74*k - 39. Let x be z(19). What is i(x)?
-31
Let d(p) = -27*p**2 + 9 + p**3 + p + 3*p - 29*p**2 + 71*p**2 - 3*p**3. Let a(b) = -b**3 + 8*b**2 + 2*b + 5. Let n(g) = -5*a(g) + 3*d(g). Give n(5).
12
Let g(m) = -m - 1. Let u be 2 - (-11)/11 - 8/(-2). Suppose 3*d = d + 2*b - 4, 2*b + 8 = -2*d. Let p be (d + 4)*1/1 - u. Determine g(p).
5
Let o(b) = 109*b**2 - 35*b**2 - 38*b**2 + 25*b - 53 - 34*b**2. What is o(-14)?
-11
Let f(r) = -4*r**2 - 26*r - 30. Let g(t) = -8*t**2 - 50*t - 76. Let z(u) = 5*f(u) - 2*g(u). What is z(-9)?
-52
Let u(m) = -2 - 17*m - 6*m - 16*m - 11*m + 66*m - 17*m. Suppose -32 = -7*n + 3*n. Let v = n + -16. What is u(v)?
6
Let q(p) = 18 - 3 - 7 + 0*p - p - 5. Let w(z) = -z + 3. Suppose 5*r - 2*i - 2*i - 14 = 0, 5*r - i = 26. Let l(h) = r*q(h) - 7*w(h). Calculate l(-4).
-7
Let k(u) be the third derivative of u**4/12 + 10*u**3 - 62*u**2 - u - 6. What is k(0)?
60
Suppose -2*t - 6 + 6 = 0. Let v(s) = 95 - 96 + s**3 + 0*s + t*s - s. Calculate v(2).
5
Let q(x) = 13*x - 67. Let n(d) = 14*d - 69. Let a(r) = -4*n(r) + 5*q(r). Let m be a(6). Let v be 0 + 24/20*m/(-2). Let w(k) = k**2 - 3*k - 2. Calculate w(v).
-2
Let p(r) be the first derivative of -r**4/4 - 4*r**3/3 - 2*r + 29. Let t be (5 - 1)/(-8)*(3 + 3). Give p(t).
-11
Let q(i) be the third derivative of 0*i**5 + 0*i + 0 - 13/24*i**4 - 26*i**2 + 0*i**3 + 7/720*i**6. Let m(k) be the second derivative of q(k). What is m(-2)?
-14
Let h(c) = -c**3 - 18*c**2 - 19*c - 31. Let i be h(-17). Let d(t) = -17*t**2 - 15*t**2 + 23*t**2 + 9*t + t**i - 4. Determine d(8).
4
Suppose 8 = 4*n - 5*i, -3*n = -4*i + 1472 - 1479. Let l(s) = -s**3 - 2*s**2 + 6*s + 8. Give l(n).
-1
Let d(w) = -15*w + 24. Let m(s) = 53*s - 72. Let k(r) = 7*d(r) + 2*m(r). What is k(-22)?
2
Let h be ((-8)/(128/(-180)))/(3/12). Let j = h + -33. Suppose 2*p + 0 = j. Let g(d) = d - 7. What is g(p)?
-1
Let z(d) be the third derivative of -d**6/360 - d**5/30 + d**4/12 - 130*d**3/3 - 11*d**2 - 7. Let m(i) be the first derivative of z(i). What is m(-4)?
2
Let k(x) = -14*x - 126. Let w be -13 + (-21)/(-7) - (18 - 20). Calculate k(w).
-14
Suppose -20*t - 40 = 5*y - 19*t, -5*t - 40 = 5*y. Let s(j) = -j**3 - 9*j**2 - 14*j - 15. Calculate s(y).
33
Let h be -2 + 5 + (6 - (-264)/(-42))*-7. Suppose 0 = j - 2*j. Let g(f) = f + j + f - 2 - f. What is g(h)?
3
Let w(s) be the first derivative of -2 - 7/2*s**2 + 3*s. Let m(o) = o**2 - 36*o - 5758. Let h be m(-60). Give w(h).
-11
Let u be (-4)/((-128)/4) - 124/(-32). Let w(l) = 8 + 9 - l - u - 4. Give w(0).
9
Let c(g) = g**2 - 12*g - 10. Let t be (-22)/(-209) + (-750)/(-95). Give c(t).
-42
Let v(j) = 3*j - 4. Let t(y) be the second derivative of -y**3/3 + 3*y**2/2 - 40*y. Let g be t(-1). Calculate v(g).
11
Let o = 35899 + -35898. Let t(w) = 14*w + 3. Let q(f) = -f + 1. Let u(y) = -5*q(y) + t(y). Determine u(o).
17
Let l(g) be the second derivative of -11/2*g**2 + 1/12*g**4 + 11/6*g**3 - 141*g + 0. Give l(-12).
1
Let w be (-60)/(-35) + 10/35 + 3*3. Let c(m) be the second derivative of -m**5/20 + 11*m**4/12 + m**3/3 - 15*m**2/2 - m. Determine c(w).
7
Let h = -1 - 0. Let i(y) be the first derivative of y**2/2 - y - 35132. Determine i(h).
-2
Suppose 1986*u - 2013*u = -49 - 32. Let k(l) be the first derivative of -u*l**2 + 1/4*l**4 - l**3 + 13 + l. Calculate k(4).
-7
Let y be 4 + 12/(-6) + 6. Let c(m) = -m - 3 - 1 + y*m - 3*m. Determine c(2).
4
Let h(m) = -32*m - 52. Let i = 1396 - 1398. Calculate h(i).
12
Suppose 3*w + 33 = 2*y - 5*y, -w + 154 = -14*y. Let q(v) = 2*v - 11. Give q(y).
-33
Let f(h) be the second derivative of 11*h**3/6 - h**2 - 49*h - 1. Determine f(1).
9
Let t(j) = -23*j**2 - 37*j + 660. Let a(l) = -10*l**2 - 16*l + 283. Let q(v) = -16*a(v) + 7*t(v). Give q(-11).
4
Let b = 263 + 26. Let x(n) = 5 - b*n + 143*n + 153*n. Calculate x(-5).
-30
Let k = -8 + 15. Let t = -1392 - -1395. Suppose -4*j + r = 24, -t*r + k*r = 0. Let x(w) = w**3 + 5*w**2 - 7*w - 2. What is x(j)?
4
Let q be 3/(108/48*(0 - 2/(-6))). Let w(x) = -2*x**3 + 9*x**2 + 3*x + 5. What is w(q)?
33
Let u(f) = 46*f - 742. Let r be u(16). Let x(k) = -3*k**2 - 22*k - 27. Determine x(r).
-3
Let g = -878 - -872. Let z(l) be the third derivative of -l**6/120 - 7*l**5/60 - 5*l**4/24 + 2*l**3/3 - 32*l**2. Calculate z(g).
-2
Let g(q) = 2*q**2 + 58*q + 416. Let j be g(-15). Let d(h) = -h**3 - 5*h**2 - h + 4. Calculate d(j).
-8
Let u(t) = -6*t + 43. Let s(n) = -4*n - 2. Let w(b) = 3*s(b) - u(b). What is w(-8)?
-1
Let f(s) = 3*s**2 + 2*s - 2. Suppose 2*z + 0*z = -4*x + 114, -4*x - 75 = -z. Let d = -34 + z. Let j = d - 31. Calculate f(j).
6
Let d(f) = -f - 2. Let v(l) = 3*l - 2. Let z be v(1). Let m(s) = 1. Let i(c) = z*d(c) - m(c). Suppose 0 = 13*a - 5*a + 72. Determine i(a).
6
Let b(l) = 2*l**3 + 2*l**2 - l - 3. Let v(c) = -3*c**3 - 3*c**2 + c + 5. Let i(d) = -7*b(d) - 5*v(d). Let u be ((-12)/(-46))/(676/(-7774)). Give i(u).
-28
Let v(o) be the first derivative of 3*o**2 + 87 + 1/3*o**3 + 4*o. Suppose -d + 12 = -3*d. Give v(d).
4
Suppose 2*h + 46 = -404. Let y = h - -225. Let f(u) = u + 9. Calculate f(y).
9
Let z(x) = 2*x**3 + 10*x**2 - 9*x + 28. Let d be z(-6). Let j(r) = -13*r + 15 - d*r - 20*r + 45*r. Calculate j(-6).
3
Let g(s) = -s**2 + 48*s - 354. Suppose 13*l + 103*l - 1044 = 0. Determine g(l).
-3
Let w(o) be the first derivative of -2*o**3/3 + 3*o**2 - 127*o - 71. Let h(y) be the first derivative of w(y). Determine h(0).
6
Let s(b) = -b**3 + 4*b**2 + b + 1. Let o(k) = -2*k**2 - 52*k - 142. Let w(a) = -a**2 - 25*a - 71. Let u(y) = 4*o(y) - 9*w(y). Let r be u(-6). Determine s(r).
-19
Let v = -177 - -178. Let u(n) be the third derivative of 7*n**4/8 - 18*n**2 - n. Determine u(v).
21
Suppose 7 = 3*w + 1. Let l be -92*(9/(-6) + w). Let c = 44 + l. Let f(y) = y**2 - 2*y + 1. Give f(c).
9
Let j(x) = x**2 + 4*x + 2. Let k(f) = -f + 30. Suppose 7*v + 14 = g + 3*v, 3*v = 2*g - 53. Let q be k(g). Give j(q).
2
Suppose 6 = 13*c - 11*c. Suppose -4*y + 5*u - 33 = -0*y, 4*y + c*u = -57. Let s = -10 - y. Let n(v) = 2*v**2 - 1. Determine n(s).
7
Let l(z) = z**3 + 28*z**2 - 30*z - 23. Let w be l(-29). Let m(b) = 7 - w - 405*b + 404*b. Determine m(-8).
9
Let j = 13 - 19. Let h(d) be the second derivative of d**3/2 + 15*d**2/2 - 2*d. What is h(j)?
-3
Let r(t) = -t**3 - 5*t**2 - 3*t - 17. Let z be (-16)/80 + 216/(-45). Give r(z).
-2
Let w(u) = 5*u - 6. Suppose -2*s + 10 = 0, -5*j - 2*s + 176 = -214. Let y = j + -72. Calculate w(y).
14
Let g(o) = -12*o**2 